[INFO] cloning repository https://github.com/netvl/sshc
[INFO] running `Command { std: "git" "-c" "credential.helper=" "-c" "credential.helper=/workspace/cargo-home/bin/git-credential-null" "clone" "--bare" "https://github.com/netvl/sshc" "/workspace/cache/git-repos/https%3A%2F%2Fgithub.com%2Fnetvl%2Fsshc", kill_on_drop: false }`
[INFO] [stderr] Cloning into bare repository '/workspace/cache/git-repos/https%3A%2F%2Fgithub.com%2Fnetvl%2Fsshc'...
[INFO] running `Command { std: "git" "rev-parse" "HEAD", kill_on_drop: false }`
[INFO] [stdout] 1b857f1ee7ed1c1291a3598bed212b27714673ed
[INFO] checking netvl/sshc against try#72f88fc4e9458f89516a0b8b0868f3718aec5b47 for pr-74989
[INFO] running `Command { std: "git" "clone" "/workspace/cache/git-repos/https%3A%2F%2Fgithub.com%2Fnetvl%2Fsshc" "/workspace/builds/worker-8/source", kill_on_drop: false }`
[INFO] [stderr] Cloning into '/workspace/builds/worker-8/source'...
[INFO] [stderr] done.
[INFO] validating manifest of git repo https://github.com/netvl/sshc on toolchain 72f88fc4e9458f89516a0b8b0868f3718aec5b47
[INFO] running `Command { std: "/workspace/cargo-home/bin/cargo" "+72f88fc4e9458f89516a0b8b0868f3718aec5b47" "read-manifest" "--manifest-path" "Cargo.toml", kill_on_drop: false }`
[INFO] started tweaking git repo https://github.com/netvl/sshc
[INFO] finished tweaking git repo https://github.com/netvl/sshc
[INFO] tweaked toml for git repo https://github.com/netvl/sshc written to /workspace/builds/worker-8/source/Cargo.toml
[INFO] crate git repo https://github.com/netvl/sshc already has a lockfile, it will not be regenerated
[INFO] running `Command { std: "/workspace/cargo-home/bin/cargo" "+72f88fc4e9458f89516a0b8b0868f3718aec5b47" "fetch" "--locked" "--manifest-path" "Cargo.toml", kill_on_drop: false }`
[INFO] [stderr]     Updating git repository `https://github.com/gyscos/Cursive`
[INFO] [stderr]  Downloading crates ...
[INFO] [stderr]   Downloaded shellexpand v1.0.0
[INFO] [stderr]   Downloaded chan-signal v0.2.0
[INFO] [stderr]   Downloaded itertools v0.6.1
[INFO] [stderr]   Downloaded textwrap v0.7.0
[INFO] [stderr]   Downloaded odds v0.2.25
[INFO] [stderr]   Downloaded errno v0.2.3
[INFO] [stderr]   Downloaded clap v2.26.0
[INFO] [stderr]   Downloaded exec v0.3.0
[INFO] [stderr]   Downloaded chan v0.1.19
[INFO] running `Command { std: "docker" "create" "-v" "/var/lib/crater-agent-workspace/builds/worker-8/target:/opt/rustwide/target:rw,Z" "-v" "/var/lib/crater-agent-workspace/builds/worker-8/source:/opt/rustwide/workdir:ro,Z" "-v" "/var/lib/crater-agent-workspace/cargo-home:/opt/rustwide/cargo-home:ro,Z" "-v" "/var/lib/crater-agent-workspace/rustup-home:/opt/rustwide/rustup-home:ro,Z" "-e" "SOURCE_DIR=/opt/rustwide/workdir" "-e" "CARGO_TARGET_DIR=/opt/rustwide/target" "-e" "CARGO_HOME=/opt/rustwide/cargo-home" "-e" "RUSTUP_HOME=/opt/rustwide/rustup-home" "-w" "/opt/rustwide/workdir" "-m" "1610612736" "--user" "0:0" "--network" "none" "rustops/crates-build-env@sha256:d92eaeed33fa75130ca1ee6c8a01d1ffb62bac859dfdfb3450e3e5d1c0146529" "/opt/rustwide/cargo-home/bin/cargo" "+72f88fc4e9458f89516a0b8b0868f3718aec5b47" "metadata" "--no-deps" "--format-version=1", kill_on_drop: false }`
[INFO] [stderr] WARNING: Your kernel does not support swap limit capabilities or the cgroup is not mounted. Memory limited without swap.
[INFO] [stdout] baffd215d4803aa1eef018a5473ef2702abc58896ae414ca34948eb5631b97e4
[INFO] running `Command { std: "docker" "start" "-a" "baffd215d4803aa1eef018a5473ef2702abc58896ae414ca34948eb5631b97e4", kill_on_drop: false }`
[INFO] running `Command { std: "docker" "inspect" "baffd215d4803aa1eef018a5473ef2702abc58896ae414ca34948eb5631b97e4", kill_on_drop: false }`
[INFO] running `Command { std: "docker" "rm" "-f" "baffd215d4803aa1eef018a5473ef2702abc58896ae414ca34948eb5631b97e4", kill_on_drop: false }`
[INFO] [stdout] baffd215d4803aa1eef018a5473ef2702abc58896ae414ca34948eb5631b97e4
[INFO] running `Command { std: "docker" "create" "-v" "/var/lib/crater-agent-workspace/builds/worker-8/target:/opt/rustwide/target:rw,Z" "-v" "/var/lib/crater-agent-workspace/builds/worker-8/source:/opt/rustwide/workdir:ro,Z" "-v" "/var/lib/crater-agent-workspace/cargo-home:/opt/rustwide/cargo-home:ro,Z" "-v" "/var/lib/crater-agent-workspace/rustup-home:/opt/rustwide/rustup-home:ro,Z" "-e" "SOURCE_DIR=/opt/rustwide/workdir" "-e" "CARGO_TARGET_DIR=/opt/rustwide/target" "-e" "CARGO_INCREMENTAL=0" "-e" "RUST_BACKTRACE=full" "-e" "RUSTFLAGS=--cap-lints=forbid" "-e" "CARGO_HOME=/opt/rustwide/cargo-home" "-e" "RUSTUP_HOME=/opt/rustwide/rustup-home" "-w" "/opt/rustwide/workdir" "-m" "1610612736" "--user" "0:0" "--network" "none" "rustops/crates-build-env@sha256:d92eaeed33fa75130ca1ee6c8a01d1ffb62bac859dfdfb3450e3e5d1c0146529" "/opt/rustwide/cargo-home/bin/cargo" "+72f88fc4e9458f89516a0b8b0868f3718aec5b47" "check" "--frozen" "--all" "--all-targets" "--message-format=json", kill_on_drop: false }`
[INFO] [stdout] fd9869e63177b9d676db832d58a6fb4996126baeccc7c4096b13a26dd42c5543
[INFO] [stderr] WARNING: Your kernel does not support swap limit capabilities or the cgroup is not mounted. Memory limited without swap.
[INFO] running `Command { std: "docker" "start" "-a" "fd9869e63177b9d676db832d58a6fb4996126baeccc7c4096b13a26dd42c5543", kill_on_drop: false }`
[INFO] [stderr]     Checking libc v0.2.29
[INFO] [stderr]     Checking num-traits v0.1.40
[INFO] [stderr]    Compiling gcc v0.3.53
[INFO] [stderr]     Checking rustc-serialize v0.3.24
[INFO] [stderr]    Compiling unicode-xid v0.0.4
[INFO] [stderr]     Checking bit-vec v0.4.4
[INFO] [stderr]    Compiling quote v0.3.15
[INFO] [stderr]     Checking rustc-demangle v0.1.5
[INFO] [stderr]     Checking unicode-segmentation v1.2.0
[INFO] [stderr]     Checking lazy_static v0.2.8
[INFO] [stderr]     Checking serde v1.0.11
[INFO] [stderr]     Checking stable_deref_trait v1.0.0
[INFO] [stderr]     Checking cfg-if v0.1.2
[INFO] [stderr]    Compiling cursive v0.6.5-pre (https://github.com/gyscos/Cursive#415d0bba)
[INFO] [stderr]     Checking either v1.1.0
[INFO] [stderr]     Checking ansi_term v0.9.0
[INFO] [stderr]     Checking bitflags v0.9.1
[INFO] [stderr]     Checking odds v0.2.25
[INFO] [stderr]     Checking strsim v0.6.0
[INFO] [stderr]     Checking log v0.3.8
[INFO] [stderr]     Checking shellexpand v1.0.0
[INFO] [stderr]     Checking owning_ref v0.3.3
[INFO] [stderr]    Compiling synom v0.11.3
[INFO] [stderr]     Checking itertools v0.6.1
[INFO] [stderr]     Checking bit-set v0.4.0
[INFO] [stderr]    Compiling syn v0.11.11
[INFO] [stderr]     Checking rand v0.3.16
[INFO] [stderr]     Checking term_size v0.3.0
[INFO] [stderr]     Checking termion v1.5.1
[INFO] [stderr]     Checking atty v0.2.2
[INFO] [stderr]     Checking errno v0.2.3
[INFO] [stderr]     Checking textwrap v0.7.0
[INFO] [stderr]     Checking num-integer v0.1.35
[INFO] [stderr]     Checking exec v0.3.0
[INFO] [stderr]     Checking clap v2.26.0
[INFO] [stderr]     Checking num-iter v0.1.34
[INFO] [stderr]    Compiling backtrace-sys v0.1.12
[INFO] [stderr]     Checking chan v0.1.19
[INFO] [stderr]     Checking chan-signal v0.2.0
[INFO] [stderr]    Compiling serde_derive_internals v0.15.1
[INFO] [stderr]     Checking num-bigint v0.1.40
[INFO] [stderr]     Checking num-complex v0.1.40
[INFO] [stderr]    Compiling serde_derive v1.0.11
[INFO] [stderr]     Checking num-rational v0.1.39
[INFO] [stderr]     Checking num v0.1.40
[INFO] [stderr]     Checking toml v0.4.5
[INFO] [stderr]     Checking backtrace v0.3.2
[INFO] [stderr]     Checking error-chain v0.10.0
[INFO] [stderr]     Checking sshc v1.0.0 (/opt/rustwide/workdir)
[INFO] [stdout] warning: `...` range patterns are deprecated
[INFO] [stdout]    --> src/config.rs:271:16
[INFO] [stdout]     |
[INFO] [stdout] 271 |             MIN...MAX => Ok(Tunnel {
[INFO] [stdout]     |                ^^^ help: use `..=` for an inclusive range
[INFO] [stdout]     |
[INFO] [stdout]     = note: `#[warn(ellipsis_inclusive_range_patterns)]` on by default
[INFO] [stdout] 
[INFO] [stdout] 
[INFO] [stdout] warning: `...` range patterns are deprecated
[INFO] [stdout]    --> src/config.rs:271:16
[INFO] [stdout]     |
[INFO] [stdout] 271 |             MIN...MAX => Ok(Tunnel {
[INFO] [stdout]     |                ^^^ help: use `..=` for an inclusive range
[INFO] [stdout]     |
[INFO] [stdout]     = note: `#[warn(ellipsis_inclusive_range_patterns)]` on by default
[INFO] [stdout] 
[INFO] [stdout] 
[INFO] [stdout] warning: use of deprecated associated function `std::error::Error::description`: use the Display impl or to_string()
[INFO] [stdout]   --> src/config.rs:67:1
[INFO] [stdout]    |
[INFO] [stdout] 67 | / error_chain! {
[INFO] [stdout] 68 | |     foreign_links {
[INFO] [stdout] 69 | |         Io(io::Error);
[INFO] [stdout] 70 | |         Toml(toml::de::Error);
[INFO] [stdout] 71 | |     }
[INFO] [stdout] 72 | | }
[INFO] [stdout]    | |_^
[INFO] [stdout]    |
[INFO] [stdout]    = note: `#[warn(deprecated)]` on by default
[INFO] [stdout]    = note: this warning originates in a macro (in Nightly builds, run with -Z macro-backtrace for more info)
[INFO] [stdout] 
[INFO] [stdout] 
[INFO] [stdout] warning: use of deprecated associated function `std::error::Error::description`: use the Display impl or to_string()
[INFO] [stdout]   --> src/config.rs:67:1
[INFO] [stdout]    |
[INFO] [stdout] 67 | / error_chain! {
[INFO] [stdout] 68 | |     foreign_links {
[INFO] [stdout] 69 | |         Io(io::Error);
[INFO] [stdout] 70 | |         Toml(toml::de::Error);
[INFO] [stdout] 71 | |     }
[INFO] [stdout] 72 | | }
[INFO] [stdout]    | |_^
[INFO] [stdout]    |
[INFO] [stdout]    = note: this warning originates in a macro (in Nightly builds, run with -Z macro-backtrace for more info)
[INFO] [stdout] 
[INFO] [stdout] 
[INFO] [stdout] warning: use of deprecated associated function `std::error::Error::description`: use the Display impl or to_string()
[INFO] [stdout]   --> src/config.rs:67:1
[INFO] [stdout]    |
[INFO] [stdout] 67 | / error_chain! {
[INFO] [stdout] 68 | |     foreign_links {
[INFO] [stdout] 69 | |         Io(io::Error);
[INFO] [stdout] 70 | |         Toml(toml::de::Error);
[INFO] [stdout] 71 | |     }
[INFO] [stdout] 72 | | }
[INFO] [stdout]    | |_^
[INFO] [stdout]    |
[INFO] [stdout]    = note: `#[warn(deprecated)]` on by default
[INFO] [stdout]    = note: this warning originates in a macro (in Nightly builds, run with -Z macro-backtrace for more info)
[INFO] [stdout] 
[INFO] [stdout] 
[INFO] [stdout] warning: use of deprecated associated function `std::error::Error::description`: use the Display impl or to_string()
[INFO] [stdout]   --> src/config.rs:67:1
[INFO] [stdout]    |
[INFO] [stdout] 67 | / error_chain! {
[INFO] [stdout] 68 | |     foreign_links {
[INFO] [stdout] 69 | |         Io(io::Error);
[INFO] [stdout] 70 | |         Toml(toml::de::Error);
[INFO] [stdout] 71 | |     }
[INFO] [stdout] 72 | | }
[INFO] [stdout]    | |_^
[INFO] [stdout]    |
[INFO] [stdout]    = note: this warning originates in a macro (in Nightly builds, run with -Z macro-backtrace for more info)
[INFO] [stdout] 
[INFO] [stdout] 
[INFO] [stdout] error[E0034]: multiple applicable items in scope
[INFO] [stdout]   --> src/execution.rs:83:14
[INFO] [stdout]    |
[INFO] [stdout] 83 |             .flatten()
[INFO] [stdout]    |              ^^^^^^^ multiple `flatten` found
[INFO] [stdout]    |
[INFO] [stdout]    = note: candidate #1 is defined in an impl of the trait `Iterator` for the type `Intersperse<I>`
[INFO] [stdout]    = note: candidate #2 is defined in an impl of the trait `Itertools` for the type `T`
[INFO] [stdout] help: disambiguate the associated function for candidate #1
[INFO] [stdout]    |
[INFO] [stdout] 81 |         let args: Vec<_> = Iterator::flatten(self.command_parts.into_iter()
[INFO] [stdout] 82 |             .intersperse(vec!["-t".into()]))
[INFO] [stdout]    |
[INFO] [stdout] help: disambiguate the associated function for candidate #2
[INFO] [stdout]    |
[INFO] [stdout] 81 |         let args: Vec<_> = Itertools::flatten(self.command_parts.into_iter()
[INFO] [stdout] 82 |             .intersperse(vec!["-t".into()]))
[INFO] [stdout]    |
[INFO] [stdout] 
[INFO] [stdout] 
[INFO] [stdout] warning: use of deprecated associated function `std::error::Error::cause`: replaced by Error::source, which can support downcasting
[INFO] [stdout]   --> src/config.rs:67:1
[INFO] [stdout]    |
[INFO] [stdout] 67 | / error_chain! {
[INFO] [stdout] 68 | |     foreign_links {
[INFO] [stdout] 69 | |         Io(io::Error);
[INFO] [stdout] 70 | |         Toml(toml::de::Error);
[INFO] [stdout] 71 | |     }
[INFO] [stdout] 72 | | }
[INFO] [stdout]    | |_^
[INFO] [stdout]    |
[INFO] [stdout]    = note: this warning originates in a macro (in Nightly builds, run with -Z macro-backtrace for more info)
[INFO] [stdout] 
[INFO] [stdout] 
[INFO] [stdout] error: aborting due to previous error; 4 warnings emitted
[INFO] [stdout] 
[INFO] [stdout] 
[INFO] [stdout] For more information about this error, try `rustc --explain E0034`.
[INFO] [stdout] 
[INFO] [stderr] error: could not compile `sshc`.
[INFO] [stderr] 
[INFO] [stderr] To learn more, run the command again with --verbose.
[INFO] [stderr] warning: build failed, waiting for other jobs to finish...
[INFO] [stdout] error[E0308]: mismatched types
[INFO] [stdout]    --> src/config.rs:410:31
[INFO] [stdout]     |
[INFO] [stdout] 410 |                         port: 2244,
[INFO] [stdout]     |                               ^^^^
[INFO] [stdout]     |                               |
[INFO] [stdout]     |                               expected enum `std::option::Option`, found integer
[INFO] [stdout]     |                               help: try using a variant of the expected enum: `serde::export::Some(2244)`
[INFO] [stdout]     |
[INFO] [stdout]     = note: expected enum `std::option::Option<u16>`
[INFO] [stdout]                found type `{integer}`
[INFO] [stdout] 
[INFO] [stdout] 
[INFO] [stdout] error[E0308]: mismatched types
[INFO] [stdout]    --> src/config.rs:413:33
[INFO] [stdout]     |
[INFO] [stdout] 413 |                         tunnel: None,
[INFO] [stdout]     |                                 ^^^^ expected enum `config::State`, found enum `std::option::Option`
[INFO] [stdout]     |
[INFO] [stdout]     = note: expected enum `config::State<config::Tunnel>`
[INFO] [stdout]                found enum `std::option::Option<_>`
[INFO] [stdout] 
[INFO] [stdout] 
[INFO] [stdout] error[E0308]: mismatched types
[INFO] [stdout]    --> src/config.rs:415:44
[INFO] [stdout]     |
[INFO] [stdout] 415 |                         agent_passthrough: false,
[INFO] [stdout]     |                                            ^^^^^ expected enum `config::State`, found `bool`
[INFO] [stdout]     |
[INFO] [stdout]     = note: expected enum `config::State<()>`
[INFO] [stdout]                found type `bool`
[INFO] [stdout] 
[INFO] [stdout] 
[INFO] [stdout] error[E0308]: mismatched types
[INFO] [stdout]    --> src/config.rs:416:37
[INFO] [stdout]     |
[INFO] [stdout] 416 |                         no_command: false,
[INFO] [stdout]     |                                     ^^^^^ expected enum `config::State`, found `bool`
[INFO] [stdout]     |
[INFO] [stdout]     = note: expected enum `config::State<()>`
[INFO] [stdout]                found type `bool`
[INFO] [stdout] 
[INFO] [stdout] 
[INFO] [stdout] error[E0308]: mismatched types
[INFO] [stdout]    --> src/config.rs:429:31
[INFO] [stdout]     |
[INFO] [stdout] 429 |                         port: 1234,
[INFO] [stdout]     |                               ^^^^
[INFO] [stdout]     |                               |
[INFO] [stdout]     |                               expected enum `std::option::Option`, found integer
[INFO] [stdout]     |                               help: try using a variant of the expected enum: `serde::export::Some(1234)`
[INFO] [stdout]     |
[INFO] [stdout]     = note: expected enum `std::option::Option<u16>`
[INFO] [stdout]                found type `{integer}`
[INFO] [stdout] 
[INFO] [stdout] 
[INFO] [stdout] error[E0308]: mismatched types
[INFO] [stdout]    --> src/config.rs:432:33
[INFO] [stdout]     |
[INFO] [stdout] 432 |                         tunnel: None,
[INFO] [stdout]     |                                 ^^^^ expected enum `config::State`, found enum `std::option::Option`
[INFO] [stdout]     |
[INFO] [stdout]     = note: expected enum `config::State<config::Tunnel>`
[INFO] [stdout]                found enum `std::option::Option<_>`
[INFO] [stdout] 
[INFO] [stdout] 
[INFO] [stdout] error[E0308]: mismatched types
[INFO] [stdout]    --> src/config.rs:434:44
[INFO] [stdout]     |
[INFO] [stdout] 434 |                         agent_passthrough: false,
[INFO] [stdout]     |                                            ^^^^^ expected enum `config::State`, found `bool`
[INFO] [stdout]     |
[INFO] [stdout]     = note: expected enum `config::State<()>`
[INFO] [stdout]                found type `bool`
[INFO] [stdout] 
[INFO] [stdout] 
[INFO] [stdout] error[E0308]: mismatched types
[INFO] [stdout]    --> src/config.rs:435:37
[INFO] [stdout]     |
[INFO] [stdout] 435 |                         no_command: false,
[INFO] [stdout]     |                                     ^^^^^ expected enum `config::State`, found `bool`
[INFO] [stdout]     |
[INFO] [stdout]     = note: expected enum `config::State<()>`
[INFO] [stdout]                found type `bool`
[INFO] [stdout] 
[INFO] [stdout] 
[INFO] [stdout] error[E0308]: mismatched types
[INFO] [stdout]    --> src/config.rs:456:31
[INFO] [stdout]     |
[INFO] [stdout] 456 |                         port: 22,
[INFO] [stdout]     |                               ^^
[INFO] [stdout]     |                               |
[INFO] [stdout]     |                               expected enum `std::option::Option`, found integer
[INFO] [stdout]     |                               help: try using a variant of the expected enum: `serde::export::Some(22)`
[INFO] [stdout]     |
[INFO] [stdout]     = note: expected enum `std::option::Option<u16>`
[INFO] [stdout]                found type `{integer}`
[INFO] [stdout] 
[INFO] [stdout] 
[INFO] [stdout] error[E0308]: mismatched types
[INFO] [stdout]    --> src/config.rs:459:33
[INFO] [stdout]     |
[INFO] [stdout] 459 |                           tunnel: Some(Tunnel {
[INFO] [stdout]     |  _________________________________^
[INFO] [stdout] 460 | |                             local_host: None,
[INFO] [stdout] 461 | |                             local_port: Some(1221),
[INFO] [stdout] 462 | |                             remote_host: None,
[INFO] [stdout] 463 | |                             remote_port: Some(4443),
[INFO] [stdout] 464 | |                         }),
[INFO] [stdout]     | |__________________________^ expected enum `config::State`, found enum `std::option::Option`
[INFO] [stdout]     |
[INFO] [stdout]     = note: expected enum `config::State<config::Tunnel>`
[INFO] [stdout]                found enum `std::option::Option<config::Tunnel>`
[INFO] [stdout] 
[INFO] [stdout] 
[INFO] [stdout] error[E0308]: mismatched types
[INFO] [stdout]    --> src/config.rs:466:44
[INFO] [stdout]     |
[INFO] [stdout] 466 |                         agent_passthrough: false,
[INFO] [stdout]     |                                            ^^^^^ expected enum `config::State`, found `bool`
[INFO] [stdout]     |
[INFO] [stdout]     = note: expected enum `config::State<()>`
[INFO] [stdout]                found type `bool`
[INFO] [stdout] 
[INFO] [stdout] 
[INFO] [stdout] error[E0308]: mismatched types
[INFO] [stdout]    --> src/config.rs:467:37
[INFO] [stdout]     |
[INFO] [stdout] 467 |                         no_command: false,
[INFO] [stdout]     |                                     ^^^^^ expected enum `config::State`, found `bool`
[INFO] [stdout]     |
[INFO] [stdout]     = note: expected enum `config::State<()>`
[INFO] [stdout]                found type `bool`
[INFO] [stdout] 
[INFO] [stdout] 
[INFO] [stdout] error[E0308]: mismatched types
[INFO] [stdout]    --> src/config.rs:471:31
[INFO] [stdout]     |
[INFO] [stdout] 471 |                         port: 22,
[INFO] [stdout]     |                               ^^
[INFO] [stdout]     |                               |
[INFO] [stdout]     |                               expected enum `std::option::Option`, found integer
[INFO] [stdout]     |                               help: try using a variant of the expected enum: `serde::export::Some(22)`
[INFO] [stdout]     |
[INFO] [stdout]     = note: expected enum `std::option::Option<u16>`
[INFO] [stdout]                found type `{integer}`
[INFO] [stdout] 
[INFO] [stdout] 
[INFO] [stdout] error[E0308]: mismatched types
[INFO] [stdout]    --> src/config.rs:474:33
[INFO] [stdout]     |
[INFO] [stdout] 474 |                           tunnel: Some(Tunnel {
[INFO] [stdout]     |  _________________________________^
[INFO] [stdout] 475 | |                             local_host: None,
[INFO] [stdout] 476 | |                             local_port: Some(4443),
[INFO] [stdout] 477 | |                             remote_host: None,
[INFO] [stdout] 478 | |                             remote_port: Some(443),
[INFO] [stdout] 479 | |                         }),
[INFO] [stdout]     | |__________________________^ expected enum `config::State`, found enum `std::option::Option`
[INFO] [stdout]     |
[INFO] [stdout]     = note: expected enum `config::State<config::Tunnel>`
[INFO] [stdout]                found enum `std::option::Option<config::Tunnel>`
[INFO] [stdout] 
[INFO] [stdout] 
[INFO] [stdout] error[E0308]: mismatched types
[INFO] [stdout]    --> src/config.rs:481:44
[INFO] [stdout]     |
[INFO] [stdout] 481 |                         agent_passthrough: false,
[INFO] [stdout]     |                                            ^^^^^ expected enum `config::State`, found `bool`
[INFO] [stdout]     |
[INFO] [stdout]     = note: expected enum `config::State<()>`
[INFO] [stdout]                found type `bool`
[INFO] [stdout] 
[INFO] [stdout] 
[INFO] [stdout] error[E0308]: mismatched types
[INFO] [stdout]    --> src/config.rs:482:37
[INFO] [stdout]     |
[INFO] [stdout] 482 |                         no_command: false,
[INFO] [stdout]     |                                     ^^^^^ expected enum `config::State`, found `bool`
[INFO] [stdout]     |
[INFO] [stdout]     = note: expected enum `config::State<()>`
[INFO] [stdout]                found type `bool`
[INFO] [stdout] 
[INFO] [stdout] 
[INFO] [stdout] error[E0034]: multiple applicable items in scope
[INFO] [stdout]   --> src/execution.rs:83:14
[INFO] [stdout]    |
[INFO] [stdout] 83 |             .flatten()
[INFO] [stdout]    |              ^^^^^^^ multiple `flatten` found
[INFO] [stdout]    |
[INFO] [stdout]    = note: candidate #1 is defined in an impl of the trait `Iterator` for the type `Intersperse<I>`
[INFO] [stdout]    = note: candidate #2 is defined in an impl of the trait `Itertools` for the type `T`
[INFO] [stdout] help: disambiguate the associated function for candidate #1
[INFO] [stdout]    |
[INFO] [stdout] 81 |         let args: Vec<_> = Iterator::flatten(self.command_parts.into_iter()
[INFO] [stdout] 82 |             .intersperse(vec!["-t".into()]))
[INFO] [stdout]    |
[INFO] [stdout] help: disambiguate the associated function for candidate #2
[INFO] [stdout]    |
[INFO] [stdout] 81 |         let args: Vec<_> = Itertools::flatten(self.command_parts.into_iter()
[INFO] [stdout] 82 |             .intersperse(vec!["-t".into()]))
[INFO] [stdout]    |
[INFO] [stdout] 
[INFO] [stdout] 
[INFO] [stdout] warning: use of deprecated associated function `std::error::Error::cause`: replaced by Error::source, which can support downcasting
[INFO] [stdout]   --> src/config.rs:67:1
[INFO] [stdout]    |
[INFO] [stdout] 67 | / error_chain! {
[INFO] [stdout] 68 | |     foreign_links {
[INFO] [stdout] 69 | |         Io(io::Error);
[INFO] [stdout] 70 | |         Toml(toml::de::Error);
[INFO] [stdout] 71 | |     }
[INFO] [stdout] 72 | | }
[INFO] [stdout]    | |_^
[INFO] [stdout]    |
[INFO] [stdout]    = note: this warning originates in a macro (in Nightly builds, run with -Z macro-backtrace for more info)
[INFO] [stdout] 
[INFO] [stdout] 
[INFO] [stdout] error: aborting due to 17 previous errors; 4 warnings emitted
[INFO] [stdout] 
[INFO] [stdout] 
[INFO] [stdout] Some errors have detailed explanations: E0034, E0308.
[INFO] [stdout] 
[INFO] [stdout] For more information about an error, try `rustc --explain E0034`.
[INFO] [stdout] 
[INFO] [stderr] error: build failed
[INFO] running `Command { std: "docker" "inspect" "fd9869e63177b9d676db832d58a6fb4996126baeccc7c4096b13a26dd42c5543", kill_on_drop: false }`
[INFO] running `Command { std: "docker" "rm" "-f" "fd9869e63177b9d676db832d58a6fb4996126baeccc7c4096b13a26dd42c5543", kill_on_drop: false }`
[INFO] [stdout] fd9869e63177b9d676db832d58a6fb4996126baeccc7c4096b13a26dd42c5543
